{"id":749,"date":"2021-11-19T20:15:53","date_gmt":"2021-11-19T19:15:53","guid":{"rendered":"https:\/\/lycee-valentine-labbe.fr\/wordpress\/?page_id=749"},"modified":"2024-02-08T09:28:54","modified_gmt":"2024-02-08T08:28:54","slug":"orientation-aiguillage","status":"publish","type":"page","link":"https:\/\/lycee-valentine-labbe.fr\/wordpress\/orientation-aiguillage\/","title":{"rendered":"Aiguill&rsquo;Age &#8211; A Vous le Sup"},"content":{"rendered":"<p style=\"text-align: center;\">Aiguill\u2019Age est un dispositif int\u00e9gr\u00e9 au projet\u00a0\u00ab<span class=\"Apple-converted-space\">\u00a0<\/span><a href=\"https:\/\/avouslesup.univ-lille.fr\/\" target=\"_blank\" rel=\"noopener\" data-saferedirecturl=\"https:\/\/www.google.com\/url?q=https:\/\/avouslesup.univ-lille.fr\/&amp;source=gmail&amp;ust=1706878275853000&amp;usg=AOvVaw34eEGWS4hdRnz5ip1_WfXQ\">A VOUS LE SUP<\/a><span class=\"Apple-converted-space\">\u00a0<\/span>! \u00bb port\u00e9 par l\u2019Universit\u00e9 de Lille.<\/p>\n<p>&nbsp;<\/p>\n<p><a href=\"https:\/\/lycee-valentine-labbe.fr\/wordpress\/orientation-aiguillage\/a-vous-le-sup_logo_rvb_fond-blanc\/\" rel=\"attachment wp-att-1875\"><img loading=\"lazy\" decoding=\"async\" class=\"aligncenter wp-image-1875 size-medium\" src=\"https:\/\/lycee-valentine-labbe.fr\/wordpress\/wp-content\/uploads\/2024\/02\/A-VOUS-LE-SUP_logo_RVB_fond-blanc-300x234.png\" alt=\"\" width=\"300\" height=\"234\" srcset=\"https:\/\/lycee-valentine-labbe.fr\/wordpress\/wp-content\/uploads\/2024\/02\/A-VOUS-LE-SUP_logo_RVB_fond-blanc-300x234.png 300w, https:\/\/lycee-valentine-labbe.fr\/wordpress\/wp-content\/uploads\/2024\/02\/A-VOUS-LE-SUP_logo_RVB_fond-blanc-1024x800.png 1024w, https:\/\/lycee-valentine-labbe.fr\/wordpress\/wp-content\/uploads\/2024\/02\/A-VOUS-LE-SUP_logo_RVB_fond-blanc-768x600.png 768w, https:\/\/lycee-valentine-labbe.fr\/wordpress\/wp-content\/uploads\/2024\/02\/A-VOUS-LE-SUP_logo_RVB_fond-blanc-1536x1200.png 1536w, https:\/\/lycee-valentine-labbe.fr\/wordpress\/wp-content\/uploads\/2024\/02\/A-VOUS-LE-SUP_logo_RVB_fond-blanc-1383x1080.png 1383w, https:\/\/lycee-valentine-labbe.fr\/wordpress\/wp-content\/uploads\/2024\/02\/A-VOUS-LE-SUP_logo_RVB_fond-blanc.png 1914w\" sizes=\"auto, (max-width: 300px) 100vw, 300px\" \/><\/a><\/p>\n<p style=\"text-align: center;\">Le lyc\u00e9e Valentine Labb\u00e9, en tant qu&rsquo;\u00e9tablissement support du Campus des M\u00e9tiers et des Qualifications excellence &#8211; Autonomie, Long\u00e9vit\u00e9, Sant\u00e9 (CMQe ALS), a mis en place ce dispositif d&rsquo;orientation autour des m\u00e9tiers de la sant\u00e9, du social, des biotechnologies et de la domotique. Il est \u00e0 destination des \u00e9l\u00e8ves de 5e jusqu&rsquo;\u00e0 la Terminale afin de\u00a0\u00ab\u00a0Comprendre le monde de demain pour s&rsquo;y projeter\u00a0\u00bb.<\/p>\n<p>Afin de leur permettre d&rsquo;appr\u00e9hender l&rsquo;environnement en perp\u00e9tuelle \u00e9volution dans lequel ils\u00b7elles \u00e9voluent, la maison \u00ab\u00a0Aiguill&rsquo;age\u00a0\u00bb propose des actions p\u00e9dagogiques innovantes visant \u00e0 :<\/p>\n<p>&#8211; Donner du sens au projet d&rsquo;orientation de l&rsquo;\u00e9l\u00e8ve et \u00e0 son parcours,<br \/>\n&#8211; Accompagner pour d\u00e9coder et comprendre les enjeux de l&rsquo;orientation,<br \/>\n&#8211; Ouvrir le champ des possibles par :<\/p>\n<ul>\n<li>Un accompagnement au d\u00e9veloppement personnel,<\/li>\n<li>La lev\u00e9e des freins \u00e0 l&rsquo;ambition,<\/li>\n<li>Un \u00e9clairage sur les m\u00e9tiers \u00e9mergents et<\/li>\n<li>Proposer des actions innovantes (escape game, time&rsquo;s up, casques de r\u00e9alit\u00e9 virtuelle, &#8230;)<\/li>\n<\/ul>\n<div class=\"yj6qo ajU\">==&gt; Toutes les actions :<\/div>\n<div><\/div>\n<div class=\"vlp-link-container vlp-layout-spotlight\"><a href=\"https:\/\/avouslesup.univ-lille.fr\/nos-actions\/action-1\" class=\"vlp-link\" title=\"Les actions\u00a0- A vous Le Sup Universit\u00e9 de Lille\" rel=\"nofollow\" target=\"_blank\"><\/a><div class=\"vlp-layout-zone-main\"><div class=\"vlp-block-0 vlp-link-title\">Les actions\u00a0- A vous Le Sup Universit\u00e9 de Lille<\/div><div class=\"vlp-block-2 vlp-link-button\">Lien Lire la suite<\/div><div class=\"vlp-block-3 vlp-link-url\">avouslesup.univ-lille.fr<\/div><\/div><\/div>\n<p>&nbsp;<\/p>\n<p><a href=\"https:\/\/lycee-valentine-labbe.fr\/wordpress\/orientation-aiguillage\/a-vous-le-sup_logo_rvb_fond-blanc\/\" rel=\"attachment wp-att-1875\"><img loading=\"lazy\" decoding=\"async\" class=\"aligncenter wp-image-1875 size-large\" src=\"https:\/\/lycee-valentine-labbe.fr\/wordpress\/wp-content\/uploads\/2024\/02\/A-VOUS-LE-SUP_logo_RVB_fond-blanc-1024x800.png\" alt=\"\" width=\"1024\" height=\"800\" srcset=\"https:\/\/lycee-valentine-labbe.fr\/wordpress\/wp-content\/uploads\/2024\/02\/A-VOUS-LE-SUP_logo_RVB_fond-blanc-1024x800.png 1024w, https:\/\/lycee-valentine-labbe.fr\/wordpress\/wp-content\/uploads\/2024\/02\/A-VOUS-LE-SUP_logo_RVB_fond-blanc-300x234.png 300w, https:\/\/lycee-valentine-labbe.fr\/wordpress\/wp-content\/uploads\/2024\/02\/A-VOUS-LE-SUP_logo_RVB_fond-blanc-768x600.png 768w, https:\/\/lycee-valentine-labbe.fr\/wordpress\/wp-content\/uploads\/2024\/02\/A-VOUS-LE-SUP_logo_RVB_fond-blanc-1536x1200.png 1536w, https:\/\/lycee-valentine-labbe.fr\/wordpress\/wp-content\/uploads\/2024\/02\/A-VOUS-LE-SUP_logo_RVB_fond-blanc-1383x1080.png 1383w, https:\/\/lycee-valentine-labbe.fr\/wordpress\/wp-content\/uploads\/2024\/02\/A-VOUS-LE-SUP_logo_RVB_fond-blanc.png 1914w\" sizes=\"auto, (max-width: 1024px) 100vw, 1024px\" \/><\/a><\/p>\n<p>&nbsp;<\/p>\n","protected":false},"excerpt":{"rendered":"<p>Aiguill\u2019Age est un dispositif int\u00e9gr\u00e9 au projet\u00a0\u00ab\u00a0A VOUS LE SUP\u00a0! \u00bb port\u00e9 par l\u2019Universit\u00e9 de Lille. &nbsp; Le lyc\u00e9e Valentine Labb\u00e9, en tant qu&rsquo;\u00e9tablissement support du Campus des M\u00e9tiers et des Qualifications excellence &#8211; Autonomie, Long\u00e9vit\u00e9, Sant\u00e9 (CMQe ALS), a mis en place ce dispositif d&rsquo;orientation autour des m\u00e9tiers de la sant\u00e9, du social, des&hellip; <br \/> <a class=\"read-more\" href=\"https:\/\/lycee-valentine-labbe.fr\/wordpress\/orientation-aiguillage\/\">Lire la suite<\/a><\/p>\n","protected":false},"author":1,"featured_media":0,"parent":0,"menu_order":0,"comment_status":"closed","ping_status":"closed","template":"","meta":{"footnotes":""},"class_list":["post-749","page","type-page","status-publish","hentry"],"_links":{"self":[{"href":"https:\/\/lycee-valentine-labbe.fr\/wordpress\/wp-json\/wp\/v2\/pages\/749","targetHints":{"allow":["GET"]}}],"collection":[{"href":"https:\/\/lycee-valentine-labbe.fr\/wordpress\/wp-json\/wp\/v2\/pages"}],"about":[{"href":"https:\/\/lycee-valentine-labbe.fr\/wordpress\/wp-json\/wp\/v2\/types\/page"}],"author":[{"embeddable":true,"href":"https:\/\/lycee-valentine-labbe.fr\/wordpress\/wp-json\/wp\/v2\/users\/1"}],"replies":[{"embeddable":true,"href":"https:\/\/lycee-valentine-labbe.fr\/wordpress\/wp-json\/wp\/v2\/comments?post=749"}],"version-history":[{"count":13,"href":"https:\/\/lycee-valentine-labbe.fr\/wordpress\/wp-json\/wp\/v2\/pages\/749\/revisions"}],"predecessor-version":[{"id":1880,"href":"https:\/\/lycee-valentine-labbe.fr\/wordpress\/wp-json\/wp\/v2\/pages\/749\/revisions\/1880"}],"wp:attachment":[{"href":"https:\/\/lycee-valentine-labbe.fr\/wordpress\/wp-json\/wp\/v2\/media?parent=749"}],"curies":[{"name":"wp","href":"https:\/\/api.w.org\/{rel}","templated":true}]}}