{"id":453,"date":"2021-07-28T23:24:41","date_gmt":"2021-07-28T21:24:41","guid":{"rendered":"https:\/\/lycee-valentine-labbe.fr\/wordpress\/?page_id=453"},"modified":"2025-01-17T16:15:17","modified_gmt":"2025-01-17T15:15:17","slug":"bts-economie-sociale-et-familiale","status":"publish","type":"page","link":"https:\/\/lycee-valentine-labbe.fr\/wordpress\/nos-formations\/pole-social\/bts-economie-sociale-et-familiale\/","title":{"rendered":"BTS Economie Sociale et Familiale"},"content":{"rendered":"<a href=\"https:\/\/lycee-valentine-labbe.fr\/wordpress\/wp-content\/uploads\/2024\/01\/Plaquette-BTS-ESF.pdf\" class=\"pdfemb-viewer\" style=\"\" data-width=\"max\" data-height=\"max\" data-toolbar=\"both\" data-toolbar-fixed=\"on\">Plaquette BTS ESF<\/a>\n<p>&#8212;&#8212;&#8212;&#8212;&#8212;-<\/p>\n<a href=\"https:\/\/lycee-valentine-labbe.fr\/wordpress\/wp-content\/uploads\/2024\/11\/Le-BTS-ESF-V2.pptx.pdf\" class=\"pdfemb-viewer\" style=\"\" data-width=\"max\" data-height=\"max\" data-toolbar=\"both\" data-toolbar-fixed=\"on\">Le BTS ESF V2.pptx<\/a>\n<p>&#8212;&#8212;&#8212;&#8212;&#8212;-<\/p>\n<a href=\"https:\/\/lycee-valentine-labbe.fr\/wordpress\/wp-content\/uploads\/2022\/01\/Les-arts-appliques-autrement-dit-le-Design_compressed.pdf\" class=\"pdfemb-viewer\" style=\"\" data-width=\"max\" data-height=\"max\" data-toolbar=\"both\" data-toolbar-fixed=\"on\">Les arts appliqu\u00e9s autrement dit le Design_compressed<\/a>\n<p>&#8212;&#8212;&#8212;&#8212;&#8212;-<\/p>\n<p>Les BTS ESF et leurs projets :<\/p>\n<p><a href=\"https:\/\/lycee-valentine-labbe.fr\/wordpress\/2022\/01\/10\/projets-ecocitoyens-2021\/\" target=\"_blank\" rel=\"noopener\">Projets : Ecocitoyens 2021<\/a><\/p>\n<p><a href=\"https:\/\/lycee-valentine-labbe.fr\/wordpress\/2022\/01\/08\/ateliers-theatre\/\" target=\"_blank\" rel=\"noopener\">Ateliers th\u00e9\u00e2tre<\/a><\/p>\n<div class='embed-container'>\n<blockquote class=\"wp-embedded-content\" data-secret=\"dQg5HjPSey\"><p><a href=\"https:\/\/lycee-valentine-labbe.fr\/wordpress\/2022\/11\/20\/formation-des-eco-delegues-de-valentine-labbe-par-les-etudiants-de-bts-esf-2annee\/\">Formation des \u00e9co-d\u00e9l\u00e9gu\u00e9s de Valentine Labb\u00e9 par les \u00e9tudiants de BTS ESF 2\u00b0ann\u00e9e.<\/a><\/p><\/blockquote>\n<p><iframe loading=\"lazy\" class=\"wp-embedded-content\" sandbox=\"allow-scripts\" security=\"restricted\" style=\"position: absolute; visibility: hidden;\" title=\"\u00ab\u00a0Formation des \u00e9co-d\u00e9l\u00e9gu\u00e9s de Valentine Labb\u00e9 par les \u00e9tudiants de BTS ESF 2\u00b0ann\u00e9e.\u00a0\u00bb &#8212; Campus Valentine Labb\u00e9\" src=\"https:\/\/lycee-valentine-labbe.fr\/wordpress\/2022\/11\/20\/formation-des-eco-delegues-de-valentine-labbe-par-les-etudiants-de-bts-esf-2annee\/embed\/#?secret=HUZJ19weeQ#?secret=dQg5HjPSey\" data-secret=\"dQg5HjPSey\" width=\"600\" height=\"338\" frameborder=\"0\" marginwidth=\"0\" marginheight=\"0\" scrolling=\"no\"><\/iframe><\/div>\n<p>&nbsp;<\/p>\n<p>https:\/\/lycee-valentine-labbe.fr\/wordpress\/2023\/01\/04\/intervention-aup\u2026leco-citoyennete\/<\/p>\n","protected":false},"excerpt":{"rendered":"<p>&#8212;&#8212;&#8212;&#8212;&#8212;- &#8212;&#8212;&#8212;&#8212;&#8212;- &#8212;&#8212;&#8212;&#8212;&#8212;- Les BTS ESF et leurs projets : Projets : Ecocitoyens 2021 Ateliers th\u00e9\u00e2tre Formation des \u00e9co-d\u00e9l\u00e9gu\u00e9s de Valentine Labb\u00e9 par les \u00e9tudiants de BTS ESF 2\u00b0ann\u00e9e. &nbsp; https:\/\/lycee-valentine-labbe.fr\/wordpress\/2023\/01\/04\/intervention-aup\u2026leco-citoyennete\/<\/p>\n","protected":false},"author":1,"featured_media":0,"parent":156,"menu_order":0,"comment_status":"closed","ping_status":"closed","template":"","meta":{"footnotes":""},"class_list":["post-453","page","type-page","status-publish","hentry"],"_links":{"self":[{"href":"https:\/\/lycee-valentine-labbe.fr\/wordpress\/wp-json\/wp\/v2\/pages\/453","targetHints":{"allow":["GET"]}}],"collection":[{"href":"https:\/\/lycee-valentine-labbe.fr\/wordpress\/wp-json\/wp\/v2\/pages"}],"about":[{"href":"https:\/\/lycee-valentine-labbe.fr\/wordpress\/wp-json\/wp\/v2\/types\/page"}],"author":[{"embeddable":true,"href":"https:\/\/lycee-valentine-labbe.fr\/wordpress\/wp-json\/wp\/v2\/users\/1"}],"replies":[{"embeddable":true,"href":"https:\/\/lycee-valentine-labbe.fr\/wordpress\/wp-json\/wp\/v2\/comments?post=453"}],"version-history":[{"count":27,"href":"https:\/\/lycee-valentine-labbe.fr\/wordpress\/wp-json\/wp\/v2\/pages\/453\/revisions"}],"predecessor-version":[{"id":2092,"href":"https:\/\/lycee-valentine-labbe.fr\/wordpress\/wp-json\/wp\/v2\/pages\/453\/revisions\/2092"}],"up":[{"embeddable":true,"href":"https:\/\/lycee-valentine-labbe.fr\/wordpress\/wp-json\/wp\/v2\/pages\/156"}],"wp:attachment":[{"href":"https:\/\/lycee-valentine-labbe.fr\/wordpress\/wp-json\/wp\/v2\/media?parent=453"}],"curies":[{"name":"wp","href":"https:\/\/api.w.org\/{rel}","templated":true}]}}

<a href="https://lycee-valentine-labbe.fr/wordpress/wp-content/uploads/2024/01/Plaquette-BTS-ESF.pdf" class="pdfemb-viewer" style="" data-width="max" data-height="max" data-toolbar="both" data-toolbar-fixed="on">Plaquette BTS ESF</a>
<p>&#8212;&#8212;&#8212;&#8212;&#8212;-</p>
<a href="https://lycee-valentine-labbe.fr/wordpress/wp-content/uploads/2024/11/Le-BTS-ESF-V2.pptx.pdf" class="pdfemb-viewer" style="" data-width="max" data-height="max" data-toolbar="both" data-toolbar-fixed="on">Le BTS ESF V2.pptx</a>
<p>&#8212;&#8212;&#8212;&#8212;&#8212;-</p>
<a href="https://lycee-valentine-labbe.fr/wordpress/wp-content/uploads/2022/01/Les-arts-appliques-autrement-dit-le-Design_compressed.pdf" class="pdfemb-viewer" style="" data-width="max" data-height="max" data-toolbar="both" data-toolbar-fixed="on">Les arts appliqués autrement dit le Design_compressed</a>
<p>&#8212;&#8212;&#8212;&#8212;&#8212;-</p>
<p>Les BTS ESF et leurs projets :</p>
<p><a href="https://lycee-valentine-labbe.fr/wordpress/2022/01/10/projets-ecocitoyens-2021/" target="_blank" rel="noopener">Projets : Ecocitoyens 2021</a></p>
<p><a href="https://lycee-valentine-labbe.fr/wordpress/2022/01/08/ateliers-theatre/" target="_blank" rel="noopener">Ateliers théâtre</a></p>
<div class='embed-container'>
<blockquote class="wp-embedded-content" data-secret="dQg5HjPSey"><p><a href="https://lycee-valentine-labbe.fr/wordpress/2022/11/20/formation-des-eco-delegues-de-valentine-labbe-par-les-etudiants-de-bts-esf-2annee/">Formation des éco-délégués de Valentine Labbé par les étudiants de BTS ESF 2°année.</a></p></blockquote>
<p><iframe loading="lazy" class="wp-embedded-content" sandbox="allow-scripts" security="restricted" style="position: absolute; visibility: hidden;" title="« Formation des éco-délégués de Valentine Labbé par les étudiants de BTS ESF 2°année. » &#8212; Campus Valentine Labbé" src="https://lycee-valentine-labbe.fr/wordpress/2022/11/20/formation-des-eco-delegues-de-valentine-labbe-par-les-etudiants-de-bts-esf-2annee/embed/#?secret=HUZJ19weeQ#?secret=dQg5HjPSey" data-secret="dQg5HjPSey" width="600" height="338" frameborder="0" marginwidth="0" marginheight="0" scrolling="no"></iframe></div>
<p>&nbsp;</p>
<p>https://lycee-valentine-labbe.fr/wordpress/2023/01/04/intervention-aup…leco-citoyennete/</p>

<p>&#8212;&#8212;&#8212;&#8212;&#8212;- &#8212;&#8212;&#8212;&#8212;&#8212;- &#8212;&#8212;&#8212;&#8212;&#8212;- Les BTS ESF et leurs projets : Projets : Ecocitoyens 2021 Ateliers théâtre Formation des éco-délégués de Valentine Labbé par les étudiants de BTS ESF 2°année. &nbsp; https://lycee-valentine-labbe.fr/wordpress/2023/01/04/intervention-aup…leco-citoyennete/</p>
