{"id":298,"date":"2021-07-26T22:05:50","date_gmt":"2021-07-26T20:05:50","guid":{"rendered":"https:\/\/lycee-valentine-labbe.fr\/wordpress\/?page_id=298"},"modified":"2025-06-07T17:41:38","modified_gmt":"2025-06-07T15:41:38","slug":"bourses-et-aides","status":"publish","type":"page","link":"https:\/\/lycee-valentine-labbe.fr\/wordpress\/lycee-valentine-labbe\/intendance\/bourses-et-aides\/","title":{"rendered":"Bourses"},"content":{"rendered":"<h1 style=\"font-weight: 400; text-align: center;\"><span style=\"color: #ff0000;\"><strong>Bourses de lyc\u00e9e 2024-2025<\/strong><\/span><\/h1>\n<p style=\"font-weight: 400;\">La rentr\u00e9e 2024 est marqu\u00e9e par un changement majeur de la proc\u00e9dure de demande des bourses, elle n\u2019est plus attribu\u00e9e que pour une ann\u00e9e au lieu de la scolarit\u00e9 au lyc\u00e9e.<\/p>\n<p style=\"font-weight: 400;\"><span style=\"color: #ff0000;\"><strong>TOUS les \u00e9l\u00e8ves doivent reformuler une demande chaque ann\u00e9e.<\/strong><\/span><\/p>\n<p style=\"font-weight: 400;\">Un <u>examen automatique<\/u> du droit \u00e0 une bourse est mis en \u0153uvre \u00e0 compter de la rentr\u00e9e de septembre 2024.<\/p>\n<p style=\"font-weight: 400;\">Les responsables l\u00e9gaux doivent donner leur consentement \u00e0 fournir les donn\u00e9es d\u2019\u00e9tat civil. Les d\u00e9marches pour cet examen sont \u00e0 effectuer \u00e0 l\u2019inscription de l\u2019\u00e9l\u00e8ve. Si le consentement n\u2019est pas donn\u00e9 pour un examen automatique des droits de bourse, les responsables l\u00e9gaux devront effectuer une demande\u00a0:<\/p>\n<p style=\"font-weight: 400;\">\u2013 <strong>en ligne <\/strong>(t\u00e9l\u00e9services TS) : <a href=\"https:\/\/teleservices.ac-lille.fr\/\" target=\"_blank\" rel=\"noopener\">https:\/\/teleservices.ac-lille.fr\/<\/a><\/p>\n<p style=\"font-weight: 400;\"><em>Les bourses se d\u00e9clinent en 6 \u00e9chelons, en fonction des ressources de la ou des personnes assumant la charge de l\u2019\u00e9l\u00e8ve et du nombre d\u2019enfants \u00e0 charge mentionn\u00e9s sur <strong><u>l\u2019avis d\u2019imposition 2024 sur les revenus de 2023<\/u><\/strong>.<\/em><\/p>\n<p style=\"font-weight: 400;\"><strong><em>Les \u00e9l\u00e8ves scolaris\u00e9s dans le cadre de la MLDS et dispositif de retour en formation initiale<\/em><\/strong><em> peuvent b\u00e9n\u00e9ficier d\u2019une bourse nationale quelle que soit la date d\u2019entr\u00e9e en formation. Toutefois, ils doivent pr\u00e9senter leur demande de bourse imp\u00e9rativement <strong>dans le mois qui suit leur entr\u00e9e en formation.<\/strong><\/em><\/p>\n<p style=\"font-weight: 400;\"><strong>Les diff\u00e9rentes primes et compl\u00e9ments de bourse\u00a0:<\/strong><\/p>\n<p style=\"font-weight: 400;\">La bourse au m\u00e9rite, la prime d\u2019internat et la prime d\u2019\u00e9quipement sont attribu\u00e9es automatiquement aux \u00e9l\u00e8ves boursiers remplissant les conditions.<\/p>\n<p style=\"font-weight: 400;\"><strong>La prime de reprise d\u2019\u00e9tude doit \u00eatre demand\u00e9e simultan\u00e9ment \u00e0 la demande de bourse<\/strong> \u00e0 l\u2019aide de la fiche navette (<a href=\"https:\/\/eduline.ac-lille.fr\/nuxeo\/site\/pshare\/2ab26108-f383-477c-8584-4da37f65f686\/files\/7\/\">lien<\/a>).<\/p>\n<p style=\"font-weight: 400;\">Elle peut b\u00e9n\u00e9ficier aux \u00e9l\u00e8ves boursiers de 16 \u00e0 18 ans r\u00e9volus, d\u00e9scolaris\u00e9s depuis plus de cinq mois.<\/p>\n<p style=\"font-weight: 400;\"><strong>En cas de difficult\u00e9, vous pouvez contacter le service des bourses du lyc\u00e9e\u00a0:\u00a0\u00a0\u00a0\u00a0\u00a0\u00a0\u00a0<\/strong><a href=\"mailto:lyceevalentinelabbe.bourse@yahoo.fr\"><strong><em>lyceevalentinelabbe.bourse@yahoo.fr<\/em><\/strong><\/a><\/p>\n<p style=\"font-weight: 400;\">Par ailleurs, afin de renforcer l\u2019accompagnement des parents d\u2019\u00e9l\u00e8ves dans leur d\u00e9marche de demande de bourse, les supports suivants sont mis \u00e0 la disposition des parents d\u2019\u00e9l\u00e8ves et de vos \u00e9quipes qui accompagneront en direct les familles qui ne sont pas \u00e9quip\u00e9es ou peu \u00e0 l\u2019aise avec les services num\u00e9riques :<\/p>\n<p style=\"font-weight: 400;\">\u2013\u00a0\u00a0\u00a0\u00a0\u00a0\u00a0 <strong>un tutoriel vid\u00e9o qui simule une demande de bourse en ligne apr\u00e8s connexion via le compte Educonnect ou via France Connect<\/strong> : cette vid\u00e9o est consultable sur le site minist\u00e9riel <a href=\"https:\/\/www.education.gouv.fr\/les-bourses-de-college-et-de-lycee-326728\">https:\/\/www.education.gouv.fr\/les-bourses-de-college-et-de-lycee-326728<\/a> ;<\/p>\n<p style=\"font-weight: 400;\">\u2013\u00a0\u00a0\u00a0\u00a0\u00a0\u00a0 <strong>un tutoriel vid\u00e9o de connexion au portail Scolarit\u00e9 Services avec un compte Educonnect ou France Connect : <\/strong>consultable via le lien <a href=\"https:\/\/www.education.gouv.fr\/le-portail-scolarite-services-326158\">https:\/\/www.education.gouv.fr\/le-portail-scolarite-services-326158<\/a>.<\/p>\n<p style=\"font-weight: 400;\">Tous les documents d\u00e9pos\u00e9s sur l\u2019intranet Pl\u00e9iade sont t\u00e9l\u00e9chargeables \u00e0 l\u2019adresse suivante : <a href=\"https:\/\/www.pleiade.education.fr\/metiers\/SRI\/projets\/scolarite\/Pages\/Demande-de-bourse-de-lycee-en-ligne-2023.aspx\">https:\/\/www.pleiade.education.fr\/metiers\/SRI\/projets\/scolarite\/Pages\/Demande-de-bourse-de-lycee-en-ligne-2023.aspx<\/a>(acc\u00e8s direct avec vos identifiant et mot de passe acad\u00e9miques habituels).<\/p>\n<a href=\"https:\/\/lycee-valentine-labbe.fr\/wordpress\/wp-content\/uploads\/2025\/06\/bar-me-de-la-bourse-de-lyc-e-pour-l-ann-e-2025-2026-226470-1.pdf\" class=\"pdfemb-viewer\" style=\"\" data-width=\"max\" data-height=\"max\" data-toolbar=\"both\" data-toolbar-fixed=\"on\">bar-me-de-la-bourse-de-lyc-e-pour-l-ann-e-2025-2026-226470 (1)<\/a>\n<a href=\"https:\/\/lycee-valentine-labbe.fr\/wordpress\/wp-content\/uploads\/2025\/06\/l_etude_automatique_du_droit_a_bourse_en_quelques_mots.pdf\" class=\"pdfemb-viewer\" style=\"\" data-width=\"max\" data-height=\"max\" data-toolbar=\"both\" data-toolbar-fixed=\"on\">l_etude_automatique_du_droit_a_bourse_en_quelques_mots<\/a>\n<a href=\"https:\/\/lycee-valentine-labbe.fr\/wordpress\/wp-content\/uploads\/2024\/06\/2024_bourses_lycee_flyer.pdf\" class=\"pdfemb-viewer\" style=\"\" data-width=\"max\" data-height=\"max\" data-toolbar=\"both\" data-toolbar-fixed=\"on\">2024_bourses_lycee_flyer<\/a>\n<p>&nbsp;<\/p>\n","protected":false},"excerpt":{"rendered":"<p>Bourses de lyc\u00e9e 2024-2025 La rentr\u00e9e 2024 est marqu\u00e9e par un changement majeur de la proc\u00e9dure de demande des bourses, elle n\u2019est plus attribu\u00e9e que pour une ann\u00e9e au lieu de la scolarit\u00e9 au lyc\u00e9e. TOUS les \u00e9l\u00e8ves doivent reformuler une demande chaque ann\u00e9e. Un examen automatique du droit \u00e0 une bourse est mis en&hellip; <br \/> <a class=\"read-more\" href=\"https:\/\/lycee-valentine-labbe.fr\/wordpress\/lycee-valentine-labbe\/intendance\/bourses-et-aides\/\">Lire la suite<\/a><\/p>\n","protected":false},"author":1,"featured_media":1550,"parent":303,"menu_order":0,"comment_status":"closed","ping_status":"closed","template":"","meta":{"footnotes":""},"class_list":["post-298","page","type-page","status-publish","has-post-thumbnail","hentry"],"_links":{"self":[{"href":"https:\/\/lycee-valentine-labbe.fr\/wordpress\/wp-json\/wp\/v2\/pages\/298","targetHints":{"allow":["GET"]}}],"collection":[{"href":"https:\/\/lycee-valentine-labbe.fr\/wordpress\/wp-json\/wp\/v2\/pages"}],"about":[{"href":"https:\/\/lycee-valentine-labbe.fr\/wordpress\/wp-json\/wp\/v2\/types\/page"}],"author":[{"embeddable":true,"href":"https:\/\/lycee-valentine-labbe.fr\/wordpress\/wp-json\/wp\/v2\/users\/1"}],"replies":[{"embeddable":true,"href":"https:\/\/lycee-valentine-labbe.fr\/wordpress\/wp-json\/wp\/v2\/comments?post=298"}],"version-history":[{"count":19,"href":"https:\/\/lycee-valentine-labbe.fr\/wordpress\/wp-json\/wp\/v2\/pages\/298\/revisions"}],"predecessor-version":[{"id":2165,"href":"https:\/\/lycee-valentine-labbe.fr\/wordpress\/wp-json\/wp\/v2\/pages\/298\/revisions\/2165"}],"up":[{"embeddable":true,"href":"https:\/\/lycee-valentine-labbe.fr\/wordpress\/wp-json\/wp\/v2\/pages\/303"}],"wp:featuredmedia":[{"embeddable":true,"href":"https:\/\/lycee-valentine-labbe.fr\/wordpress\/wp-json\/wp\/v2\/media\/1550"}],"wp:attachment":[{"href":"https:\/\/lycee-valentine-labbe.fr\/wordpress\/wp-json\/wp\/v2\/media?parent=298"}],"curies":[{"name":"wp","href":"https:\/\/api.w.org\/{rel}","templated":true}]}}