{"id":140,"date":"2021-07-22T14:35:03","date_gmt":"2021-07-22T12:35:03","guid":{"rendered":"https:\/\/lycee-valentine-labbe.fr\/wordpress\/?page_id=140"},"modified":"2025-12-15T09:38:25","modified_gmt":"2025-12-15T08:38:25","slug":"le-reglement-interieur-et-ses-annexes","status":"publish","type":"page","link":"https:\/\/lycee-valentine-labbe.fr\/wordpress\/lycee-valentine-labbe\/le-reglement-interieur-et-ses-annexes\/","title":{"rendered":"Le r\u00e8glement int\u00e9rieur"},"content":{"rendered":"<h3>Le r\u00e8glement int\u00e9rieur de l&rsquo;\u00e9tablissement :<\/h3>\n<a href=\"https:\/\/lycee-valentine-labbe.fr\/wordpress\/wp-content\/uploads\/2025\/12\/Reglement-Interieur-2025-2026.pdf\" class=\"pdfemb-viewer\" style=\"\" data-width=\"max\" data-height=\"max\" data-toolbar=\"both\" data-toolbar-fixed=\"on\">R\u00e8glement Int\u00e9rieur 2025-2026<\/a>\n<h3>Le r\u00e8glement int\u00e9rieur de l&rsquo;internat \u00a0:<\/h3>\n<a href=\"https:\/\/lycee-valentine-labbe.fr\/wordpress\/wp-content\/uploads\/2025\/07\/Reglement-Interieur-internat-2025-2026.pdf\" class=\"pdfemb-viewer\" style=\"\" data-width=\"max\" data-height=\"max\" data-toolbar=\"both\" data-toolbar-fixed=\"on\">R\u00e8glement Int\u00e9rieur internat 2025-2026<\/a>\n","protected":false},"excerpt":{"rendered":"<p>Le r\u00e8glement int\u00e9rieur de l&rsquo;\u00e9tablissement : Le r\u00e8glement int\u00e9rieur de l&rsquo;internat \u00a0:<\/p>\n","protected":false},"author":1,"featured_media":0,"parent":142,"menu_order":0,"comment_status":"closed","ping_status":"closed","template":"","meta":{"footnotes":""},"class_list":["post-140","page","type-page","status-publish","hentry"],"_links":{"self":[{"href":"https:\/\/lycee-valentine-labbe.fr\/wordpress\/wp-json\/wp\/v2\/pages\/140","targetHints":{"allow":["GET"]}}],"collection":[{"href":"https:\/\/lycee-valentine-labbe.fr\/wordpress\/wp-json\/wp\/v2\/pages"}],"about":[{"href":"https:\/\/lycee-valentine-labbe.fr\/wordpress\/wp-json\/wp\/v2\/types\/page"}],"author":[{"embeddable":true,"href":"https:\/\/lycee-valentine-labbe.fr\/wordpress\/wp-json\/wp\/v2\/users\/1"}],"replies":[{"embeddable":true,"href":"https:\/\/lycee-valentine-labbe.fr\/wordpress\/wp-json\/wp\/v2\/comments?post=140"}],"version-history":[{"count":9,"href":"https:\/\/lycee-valentine-labbe.fr\/wordpress\/wp-json\/wp\/v2\/pages\/140\/revisions"}],"predecessor-version":[{"id":2272,"href":"https:\/\/lycee-valentine-labbe.fr\/wordpress\/wp-json\/wp\/v2\/pages\/140\/revisions\/2272"}],"up":[{"embeddable":true,"href":"https:\/\/lycee-valentine-labbe.fr\/wordpress\/wp-json\/wp\/v2\/pages\/142"}],"wp:attachment":[{"href":"https:\/\/lycee-valentine-labbe.fr\/wordpress\/wp-json\/wp\/v2\/media?parent=140"}],"curies":[{"name":"wp","href":"https:\/\/api.w.org\/{rel}","templated":true}]}}

Le règlement intérieur

<h3>Le règlement intérieur de l&rsquo;établissement :</h3>
<a href="https://lycee-valentine-labbe.fr/wordpress/wp-content/uploads/2025/12/Reglement-Interieur-2025-2026.pdf" class="pdfemb-viewer" style="" data-width="max" data-height="max" data-toolbar="both" data-toolbar-fixed="on">Règlement Intérieur 2025-2026</a>
<h3>Le règlement intérieur de l&rsquo;internat  :</h3>
<a href="https://lycee-valentine-labbe.fr/wordpress/wp-content/uploads/2025/07/Reglement-Interieur-internat-2025-2026.pdf" class="pdfemb-viewer" style="" data-width="max" data-height="max" data-toolbar="both" data-toolbar-fixed="on">Règlement Intérieur internat 2025-2026</a>

<p>Le règlement intérieur de l&rsquo;établissement : Le règlement intérieur de l&rsquo;internat  :</p>
