{"id":116,"date":"2021-07-22T14:28:55","date_gmt":"2021-07-22T12:28:55","guid":{"rendered":"https:\/\/lycee-valentine-labbe.fr\/wordpress\/?page_id=116"},"modified":"2022-03-03T09:25:08","modified_gmt":"2022-03-03T08:25:08","slug":"cdi","status":"publish","type":"page","link":"https:\/\/lycee-valentine-labbe.fr\/wordpress\/vie-de-letablissement\/cdi\/","title":{"rendered":"CDI"},"content":{"rendered":"<p style=\"text-align: center;\"><strong>C<\/strong>entre de <strong>D<\/strong>ocumentation et d&rsquo;Information \u2026 \u2026 <strong>C<\/strong>ulture <strong>D<\/strong>e\u00a0 l&rsquo;<strong>I<\/strong>nformation<\/p>\n<p style=\"text-align: center;\"><strong><em>Un lieu d\u2019accueil, de travail et d\u2019acc\u00e8s \u00e0 l\u2019information<\/em><\/strong><\/p>\n<p style=\"text-align: center;\">Les professeurs documentalistes accueillent les \u00e9l\u00e8ves, \u00e9tudiants et apprentis du lyc\u00e9e, de 8h \u00e0 18h, du lundi au vendredi et de 8h \u00e0 12h le samedi.<\/p>\n<p style=\"text-align: center;\"><strong><em>Transmettre une culture de l\u2019information \u00e0 l\u2019heure du num\u00e9rique et des r\u00e9seaux <\/em><\/strong><\/p>\n<p style=\"text-align: center;\">En partenariat avec les enseignants, les professeurs documentalistes transmettent une culture de l\u2019information \u00e0 tous les \u00e9l\u00e8ves afin de les amener \u00e0 d\u00e9velopper leur autonomie et leur esprit critique : conduire efficacement une recherche d\u2019information, \u00e9valuer la fiabilit\u00e9 d\u2019une information sur internet, citer ses sources\u2026<\/p>\n<h2 style=\"text-align: center;\"><a href=\"http:\/\/0590122m.esidoc.fr\/\"><strong>http:\/\/0590122m.esidoc.fr\/<\/strong><\/a><\/h2>\n<p>&nbsp;<\/p>\n<p><img loading=\"lazy\" decoding=\"async\" class=\"aligncenter wp-image-657 size-medium\" src=\"https:\/\/lycee-valentine-labbe.fr\/wordpress\/wp-content\/uploads\/2021\/09\/e-sidoc-300x159.png\" alt=\"\" width=\"300\" height=\"159\" srcset=\"https:\/\/lycee-valentine-labbe.fr\/wordpress\/wp-content\/uploads\/2021\/09\/e-sidoc-300x159.png 300w, https:\/\/lycee-valentine-labbe.fr\/wordpress\/wp-content\/uploads\/2021\/09\/e-sidoc.png 540w\" sizes=\"auto, (max-width: 300px) 100vw, 300px\" \/><\/p>\n","protected":false},"excerpt":{"rendered":"<p>Centre de Documentation et d&rsquo;Information \u2026 \u2026 Culture De\u00a0 l&rsquo;Information Un lieu d\u2019accueil, de travail et d\u2019acc\u00e8s \u00e0 l\u2019information Les professeurs documentalistes accueillent les \u00e9l\u00e8ves, \u00e9tudiants et apprentis du lyc\u00e9e, de 8h \u00e0 18h, du lundi au vendredi et de 8h \u00e0 12h le samedi. Transmettre une culture de l\u2019information \u00e0 l\u2019heure du num\u00e9rique et&hellip; <br \/> <a class=\"read-more\" href=\"https:\/\/lycee-valentine-labbe.fr\/wordpress\/vie-de-letablissement\/cdi\/\">Lire la suite<\/a><\/p>\n","protected":false},"author":1,"featured_media":0,"parent":370,"menu_order":0,"comment_status":"closed","ping_status":"closed","template":"","meta":{"footnotes":""},"class_list":["post-116","page","type-page","status-publish","hentry"],"_links":{"self":[{"href":"https:\/\/lycee-valentine-labbe.fr\/wordpress\/wp-json\/wp\/v2\/pages\/116","targetHints":{"allow":["GET"]}}],"collection":[{"href":"https:\/\/lycee-valentine-labbe.fr\/wordpress\/wp-json\/wp\/v2\/pages"}],"about":[{"href":"https:\/\/lycee-valentine-labbe.fr\/wordpress\/wp-json\/wp\/v2\/types\/page"}],"author":[{"embeddable":true,"href":"https:\/\/lycee-valentine-labbe.fr\/wordpress\/wp-json\/wp\/v2\/users\/1"}],"replies":[{"embeddable":true,"href":"https:\/\/lycee-valentine-labbe.fr\/wordpress\/wp-json\/wp\/v2\/comments?post=116"}],"version-history":[{"count":6,"href":"https:\/\/lycee-valentine-labbe.fr\/wordpress\/wp-json\/wp\/v2\/pages\/116\/revisions"}],"predecessor-version":[{"id":934,"href":"https:\/\/lycee-valentine-labbe.fr\/wordpress\/wp-json\/wp\/v2\/pages\/116\/revisions\/934"}],"up":[{"embeddable":true,"href":"https:\/\/lycee-valentine-labbe.fr\/wordpress\/wp-json\/wp\/v2\/pages\/370"}],"wp:attachment":[{"href":"https:\/\/lycee-valentine-labbe.fr\/wordpress\/wp-json\/wp\/v2\/media?parent=116"}],"curies":[{"name":"wp","href":"https:\/\/api.w.org\/{rel}","templated":true}]}}

<p style="text-align: center;"><strong>C</strong>entre de <strong>D</strong>ocumentation et d&rsquo;Information … … <strong>C</strong>ulture <strong>D</strong>e  l&rsquo;<strong>I</strong>nformation</p>
<p style="text-align: center;"><strong><em>Un lieu d’accueil, de travail et d’accès à l’information</em></strong></p>
<p style="text-align: center;">Les professeurs documentalistes accueillent les élèves, étudiants et apprentis du lycée, de 8h à 18h, du lundi au vendredi et de 8h à 12h le samedi.</p>
<p style="text-align: center;"><strong><em>Transmettre une culture de l’information à l’heure du numérique et des réseaux </em></strong></p>
<p style="text-align: center;">En partenariat avec les enseignants, les professeurs documentalistes transmettent une culture de l’information à tous les élèves afin de les amener à développer leur autonomie et leur esprit critique : conduire efficacement une recherche d’information, évaluer la fiabilité d’une information sur internet, citer ses sources…</p>
<h2 style="text-align: center;"><a href="http://0590122m.esidoc.fr/"><strong>http://0590122m.esidoc.fr/</strong></a></h2>
<p>&nbsp;</p>
<p><img loading="lazy" decoding="async" class="aligncenter wp-image-657 size-medium" src="https://lycee-valentine-labbe.fr/wordpress/wp-content/uploads/2021/09/e-sidoc-300x159.png" alt="" width="300" height="159" srcset="https://lycee-valentine-labbe.fr/wordpress/wp-content/uploads/2021/09/e-sidoc-300x159.png 300w, https://lycee-valentine-labbe.fr/wordpress/wp-content/uploads/2021/09/e-sidoc.png 540w" sizes="auto, (max-width: 300px) 100vw, 300px" /></p>

<p>Centre de Documentation et d&rsquo;Information … … Culture De  l&rsquo;Information Un lieu d’accueil, de travail et d’accès à l’information Les professeurs documentalistes accueillent les élèves, étudiants et apprentis du lycée, de 8h à 18h, du lundi au vendredi et de 8h à 12h le samedi. Transmettre une culture de l’information à l’heure du numérique et&hellip; <br /> <a class="read-more" href="https://lycee-valentine-labbe.fr/wordpress/vie-de-letablissement/cdi/">Lire la suite</a></p>
